)?
5, 11
Let c(b) = 5*b - 13. Let x(d) = 2*d - 6. Let m(u) = 3*c(u) - 7*x(u). Let a be m(-3). Suppose a = -n - 58 + 211. List the prime factors of n.
3, 17
Let h = -3403 + 14554. What are the prime factors of h?
3, 7, 59
Let l(n) = -n**3 + 4*n**2 - 52*n + 21161. List the prime factors of l(0).
7, 3023
Let q(p) be the second derivative of -29*p**3/2 + 13*p**2/2 - 7*p + 6. What are the prime factors of q(-4)?
19
Suppose 0 = 577*i - 536*i - 76506. List the prime factors of i.
2, 3, 311
Let l(o) = -2*o**3 + 2*o**2 - o + 37. Let x be l(5). Let s = -39 - x. What are the prime factors of s?
3, 43
Suppose -29*t = 24*t - 44*t - 49995. What are the prime factors of t?
5, 11, 101
Let v(t) = -85*t**2 - 11*t - 16. Let x(g) = g**2 + g + 1. Let r(l) = -v(l) - 3*x(l). What are the prime factors of r(-2)?
5, 13
Let n(b) = -810*b - 1306. List the prime factors of n(-3).
2, 281
Suppose -99*q + 893378 = -341538 + 186902. What are the prime factors of q?
2, 67, 79
Let p = 155 + -155. Suppose p = 5*d - 7*d + 654. List the prime factors of d.
3, 109
Let r = 33 - 1. Suppose 0 = 7*y + 7, -13*b + 3 = -18*b - 3*y. Suppose b = 26*m - r*m + 30. What are the prime factors of m?
5
Let z(y) = -27*y - 12*y**2 + 24 - 6*y**2 - 6*y**3 + 0*y**2 + 7*y**3. What are the prime factors of z(20)?
2, 71
Suppose k = 5*k - 12. Suppose 0*r - 12 = -4*r, -5*z - 3*r = -4699. Suppose 3*m - 579 = k*g, g - z = -3*m - 355. List the prime factors of m.
2, 97
Suppose -5*j - a = -51044, 7*a - 9*a + 10216 = j. List the prime factors of j.
2, 11, 29
Suppose -259*c = 4*o - 257*c - 85858, -3*c - 85813 = -4*o. What are the prime factors of o?
2, 5, 29, 37
Let k be (13/(-26))/((-1)/(-6)). What are the prime factors of (-692)/(-6)*k/(-2)?
173
Suppose 3*i = -p - 4, 2*p - i = i + 8. Suppose p*n + m + 4 = -n, 5*n - 3*m = -30. What are the prime factors of 1/(n - -8) + (-298)/(-10)?
2, 3, 5
Let m be -6 - 5/(15/(-3)). Let p(z) = z**2 + 5*z + 4. Let c be p(m). List the prime factors of (10/5 - 34)*c*-1.
2
What are the prime factors of 14 + (-6 - (-44928)/13)?
2, 433
Let z(s) = s**3 + 18*s**2 + 17*s + 5. Let d be z(-17). Suppose -2*v + d*r + 405 = -1313, 0 = -5*v + 4*r + 4312. What are the prime factors of v?
2, 3
Let q be 12/(-5) + 30/75. Let w(d) = -d + 2. Let h be w(q). Suppose -h*l = -141 - 91. List the prime factors of l.
2, 29
Let p = 173 - 427. Let i = p - -410. List the prime factors of i.
2, 3, 13
Let n be ((-2)/(-9) - 3040/(-9))/2. Suppose 0 = 173*z - n*z - 1004. What are the prime factors of z?
251
Let w(t) = t**3 - 15*t**2 + 42*t - 8. Let o(m) = 2*m**3 - 13*m**2 + 43*m - 7. Let v(u) = -2*o(u) + 3*w(u). What are the prime factors of v(-22)?
2, 281
Let u be (-2)/23 - (-160944)/(-644). Let j = 482 + u. What are the prime factors of j?
2, 29
Let a be ((-7)/(35/(-30)))/(3 + -1). Suppose 0 = -5*j + 20, j + 3 + 8 = a*s. Suppose 0 = p - s, 0*d - p = -4*d + 55. What are the prime factors of d?
3, 5
Let h = 48600 + -6473. What are the prime factors of h?
103, 409
Let s(h) = 22*h**2 - 29 - 5*h - 12*h + 67. List the prime factors of s(3).
5, 37
Let n(w) = w**2 - 19*w + 518. What are the prime factors of n(30)?
2, 53
Let r be 452/9 + 6*2/(-54). Suppose r*d = 44*d + 3228. What are the prime factors of d?
2, 269
Suppose -3*o - 4*n + 3 + 4 = 0, 5*n - 20 = 0. Suppose -19*c + 354 - 278 = 0. What are the prime factors of -1 + c*(-3)/o + 139?
2, 71
Let n(r) = 4*r - 3. Let h be (-1)/(10/(-40) + (-3)/4). Let j be n(h). Let t(f) = 210*f - 4. What are the prime factors of t(j)?
2, 103
Let q be (-3)/(-7) - (-218)/14. Let a be -2*(-22)/q - (-35)/140. Suppose 0*s = 5*p + a*s - 629, 244 = 2*p + 5*s. List the prime factors of p.
127
Let j be (0 - 0)/(-1 + 3). Let c(x) = 17*x - 5. Let a be c(1). What are the prime factors of (j + 11)*(17 - a)?
5, 11
Suppose 0 = -5*u - 64*u + 1906194. Suppose 12*h = -7*h + u. What are the prime factors of h?
2, 727
Suppose 0 = o - 2*u + 3, -4*o + 5*u - 6 = -o. Suppose 5*j + o*n - 1680 = 0, -4*n - 336 = j - 2*j. Let f = j - 120. List the prime factors of f.
2, 3
Let o be -8 + (-3)/((-6)/4) + 1. What are the prime factors of -2*(0 + o/2)*41?
5, 41
Suppose -26 - 1 = -9*x. Suppose 0 = 3*h - 13 + 4. Suppose 0*w = 4*j - w - 201, -h = x*w. List the prime factors of j.
2, 5
Let o = 11 + -22. Let m(b) = -2*b**2 + 28*b - 40. Let t be m(2). What are the prime factors of 114/t - o/(-44)?
2, 7
Suppose 3*m + 2*f = 2, -f = m - 3*f - 14. Suppose -m*g + 745 = -3*a, -984 = 4*a - 2*g - g. Let z = a + 349. What are the prime factors of z?
2, 53
Let i(v) = v**3 - 23*v**2 - 52*v + 55. Let z(m) = -18*m + 7. Let s be z(-1). List the prime factors of i(s).
5
Suppose 3*p = -2*a - 12, -8*a = -3*a - 2*p + 68. Let u be 10 + -3*(-20)/a. Suppose -30 = -u*r + 35. What are the prime factors of r?
13
Suppose 0*a = 2*g + 2*a - 18, 0 = g + 2*a - 13. Suppose -5*z = -3*x + 1103 + 3851, -z = g. What are the prime factors of x?
31, 53
What are the prime factors of ((-20135 - 0)*1)/2*(-4)/5?
2, 4027
Let y be (2*-3)/(24/(-852)). Suppose p - 13 - y = 0. What are the prime factors of p?
2, 113
Suppose 0 = 6*x - 13 + 1. Let d be 1 + -6 + x + 16. Let y = d - 5. What are the prime factors of y?
2
Let a = 149 + -133. Let o = a + 1373. List the prime factors of o.
3, 463
Let i(s) = s + 7. Let m be i(6). Suppose 3775 = 12*o + m*o. List the prime factors of o.
151
Let t(k) = k**2 + 19*k + 71. Let a be t(-11). Let x(d) = d**2 - 3*d - 28. What are the prime factors of x(a)?
2, 3, 13
Let i be ((-6)/3)/(1 - (-48)/(-50)). Let x be (6/(-10)*-1)/((-10)/i). Suppose 0 = -x*b + 4*a + 196 + 54, -3*b - 4*a = -242. What are the prime factors of b?
2, 41
Let r = 174 - 298. Let n = r + 286. Suppose -3*f - 6 + n = 0. What are the prime factors of f?
2, 13
Let o = -401 - -1544. Let m = o + -521. Suppose -5*w = -4*v - 994, m = 3*w + v + 3*v. What are the prime factors of w?
2, 101
Let a be 24/3 + ((-18)/(-2))/(-3). Suppose -a*z + 466 = -314. What are the prime factors of z?
2, 3, 13
Let z = 1414 - 2089. Let p = -297 - z. What are the prime factors of p?
2, 3, 7
Let u(m) = 5*m**2 - 373*m + 1541. List the prime factors of u(154).
3, 17, 1229
Suppose -u - 2*u + 36 = 3*v, 5*u - 40 = 5*v. Suppose u*n - 440 = 9*n. What are the prime factors of n?
2, 5, 11
Let u be (-227)/(3 + 112/(-36)). Suppose 5 = -5*f, z = -3*z - f + u. What are the prime factors of z?
7, 73
Suppose -141*g + 130*g + 176 = 0. Suppose 2*f = -g + 1498. List the prime factors of f.
3, 13, 19
Let x be -3*346/(-3) - 6/(-3). Let a = x - 290. What are the prime factors of a?
2, 29
Let i = -3140 - -1718. What are the prime factors of (-24)/(0 + 8) - i?
3, 11, 43
Suppose u + 36 = -5*p, -4*u - 3*p = -7*p + 192. Let o = u - -63. Suppose 4*n + o = -3, -4*n = -3*t + 362. What are the prime factors of t?
2, 3, 19
List the prime factors of -16*36/(-48)*(-38043)/(-12).
3, 1409
Let f be -126 - 3*8/(-12). Let t be (f/8)/(1/(-6)). List the prime factors of t + ((-4)/6)/(2/(-3)).
2, 47
Let u be 6/7*(-21)/(-9). Suppose 5*c = u*r - 2187, -3*r + 4*c - 7 = -3270. What are the prime factors of r?
23, 47
Let b = 82338 - 30372. What are the prime factors of b?
2, 3, 2887
Suppose 23*i - 20*i - 1026 = 0. Let n = i + -59. List the prime factors of n.
283
Let z(m) = -m**3 + 17*m**2 - 9*m - 48. Let f be z(16). Suppose f + 188 = 2*u. List the prime factors of u.
2, 3, 7
Let h(f) = 350*f**2 + 4*f + 8. List the prime factors of h(-7).
2, 3, 5, 571
List the prime factors of (-32)/(-64)*(17402 + -4).
8699
Let t(k) = k - 90. Let r be t(20). Let q(g) = 3*g**2 + 7*g + 4. Let c be q(-2). List the prime factors of c - 0 - (-16 + r).
2, 11
Suppose -4*y = -2*o + 3*o - 15, 0 = 3*y + 2*o - 5. Let u be ((-16)/6)/(y + (-423)/81). Suppose 0 = 4*h + 2*s - 164, -2*s + u = s. List the prime factors of h.
3, 13
Suppose 4*m + a = 20363 + 15433, 4*m = -3*a + 35788. List the prime factors of m.
2, 5, 179
Suppose 0 = -10*n - 2475 + 6625. Suppose 0 = -o + 3. Suppose -n = -2*w - o*w. What are the prime factors of w?
83
Let p(q) be the third derivative of 157*q**4/8 - q**3/6 + 137*q**2. What are the prime factors of p(1)?
2, 5, 47
What are the prime factors of (580593/(-52) - -13)*(-8)/2?
31, 1439
Let i(y) = 4813*y**2 + 23*y - 2. What are the prime factors of i(-1)?
2, 3, 7, 19
What are the prime factors of 774340/52 - (1071/117 - 9)?
14891
Suppose 7*a + 60